digit of 1476554980?
7
What is the hundred millions digit of 408685855?
4
What is the hundred millions digit of 1148066391?
1
What is the thousands digit of 68326434?
6
What is the units digit of 4401732?
2
What is the units digit of 374106930?
0
What is the hundred millions digit of 1010446426?
0
What is the ten millions digit of 180919238?
8
What is the hundreds digit of 23904010?
0
What is the tens digit of 158997078?
7
What is the millions digit of 694508198?
4
What is the tens digit of 24195663?
6
What is the hundred millions digit of 687698813?
6
What is the hundreds digit of 46567941?
9
What is the billions digit of 1085385507?
1
What is the tens digit of 220496779?
7
What is the thousands digit of 524327904?
7
What is the millions digit of 1756301294?
6
What is the thousands digit of 1192045046?
5
What is the ten thousands digit of 84627986?
2
What is the thousands digit of 213168829?
8
What is the thousands digit of 2659482371?
2
What is the hundreds digit of 615977283?
2
What is the tens digit of 2226587114?
1
What is the ten thousands digit of 8265215?
6
What is the hundreds digit of 152003742?
7
What is the millions digit of 287322136?
7
What is the ten millions digit of 385889643?
8
What is the hundreds digit of 5725801672?
6
What is the ten millions digit of 380896663?
8
What is the units digit of 329295621?
1
What is the hundred thousands digit of 120763231?
7
What is the hundreds digit of 1861695584?
5
What is the hundreds digit of 395140679?
6
What is the units digit of 227575501?
1
What is the tens digit of 66423978?
7
What is the ten millions digit of 112898945?
1
What is the millions digit of 101448673?
1
What is the hundred millions digit of 1814896789?
8
What is the ten millions digit of 352423145?
5
What is the hundred thousands digit of 183328779?
3
What is the tens digit of 460425530?
3
What is the hundreds digit of 1619148714?
7
What is the ten millions digit of 46039826?
4
What is the units digit of 998700754?
4
What is the millions digit of 2938090163?
8
What is the ten thousands digit of 60322321?
2
What is the tens digit of 9478203?
0
What is the hundred thousands digit of 374154688?
1
What is the ten thousands digit of 2004122477?
2
What is the hundred millions digit of 334195807?
3
What is the units digit of 94154172?
2
What is the units digit of 39098076?
6
What is the hundreds digit of 3312804091?
0
What is the tens digit of 479608304?
0
What is the hundred thousands digit of 168290021?
2
What is the ten thousands digit of 291270683?
7
What is the ten thousands digit of 2010844049?
4
What is the hundreds digit of 76378857?
8
What is the millions digit of 131522706?
1
What is the tens digit of 898358442?
4
What is the billions digit of 2360023664?
2
What is the thousands digit of 258835341?
5
What is the hundred thousands digit of 90160497?
1
What is the ten millions digit of 4345929147?
4
What is the hundreds digit of 196463151?
1
What is the ten thousands digit of 3464762428?
6
What is the hundreds digit of 1490243241?
2
What is the tens digit of 39346483?
8
What is the hundreds digit of 16830718?
7
What is the millions digit of 4096687770?
6
What is the hundred millions digit of 2527978924?
5
What is the tens digit of 30867617?
1
What is the units digit of 6014501?
1
What is the hundreds digit of 188634426?
4
What is the ten thousands digit of 3387341?
8
What is the hundred thousands digit of 4423779568?
7
What is the ten thousands digit of 6215545413?
4
What is the ten millions digit of 2059848897?
5
What is the hundreds digit of 7354931?
9
What is the tens digit of 1225051111?
1
What is the hundred millions digit of 323067696?
3
What is the hundreds digit of 31562457?
4
What is the units digit of 2425680830?
0
What is the tens digit of 87763064?
6
What is the tens digit of 1745615092?
9
What is the hundred millions digit of 164935140?
1
What is the hundreds digit of 21313235?
2
What is the tens digit of 1402439693?
9
What is the ten thousands digit of 139311110?
1
What is the thousands digit of 316804178?
4
What is the hundred thousands digit of 587030696?
0
What is the thousands digit of 852138455?
8
What is the hundred thousands digit of 816615056?
6
What is the thousands digit of 249087142?
7
What is the millions digit of 41437592?
1
What is the tens digit of 68772015?
1
What is the billions digit of 1857818172?
1
What is the ten thousands digit of 1855652184?
5
What is the tens digit of 48776027?
2
What is the units digit of 7615437872?
2
What is the millions digit of 76410108?
6
What is the hundred millions digit of 2101594218?
1
What is the ten millions digit of 761478709?
6
What is the tens digit of 228165447?
4
What is the units digit of 4380720?
0
What is the tens digit of 3286622206?
0
What is the hundreds digit of 2913773810?
8
What is the thousands digit of 80462962?
2
What is the tens digit of 84339354?
5
What is the ten millions digit of 18489700?
1
What is the thousands digit of 78250731?
0
What is the hundred millions digit of 1951622385?
9
What is the hundred thousands digit of 1662863302?
8
What is the thousands digit of 652066832?
6
What is the units digit of 628564300?
0
What is the ten thousands digit of 98462309?
6
What is the hundred millions digit of 720258635?
7
What is the hundreds digit of 49176059?
0
What is the millions digit of 42317258?
2
What is the units digit of 884459245?
5
What is the ten millions digit of 390945219?
9
What is the hundred thousands digit of 19624751?
6
What is the thousands digit of 17664068?
4
What is the millions digit of 17970196?
7
What is the ten millions digit of 151477284?
5
What is the thousands digit of 4342063969?
3
What is the ten millions digit of 63497133?
6
What is the millions digit of 15001412?
5
What is the ten thousands digit of 1188604951?
0
What is the ten millions digit of 1336977349?
3
What is the tens digit of 14968448?
4
What is the ten millions digit of 6978211544?
7
What is the hundred thousands digit of 178138687?
1
What is the millions digit of 20541904?
0
What is the hundreds digit of 740989067?
0
What is the millions digit of 2660213803?
0
What is the thousands digit of 14844060?
4
What is the units digit of 160904245?
5
What is the ten millions digit of 1397569984?
9
What is the tens digit of 318918106?
0
What is the ten thousands digit of 3629967701?
6
What is the hundred thousands digit of 241337414?
3
What is the tens digit of 330753264?
6
What is the hundred millions digit of 981159666?
9
What is the billions digit of 3102327525?
3
What is the millions digit of 138826601?
8
What is the units digit of 27948845?
5
What is the thousands digit of 822101294?
1
What is the millions digit of 874860578?
4
What is the hundred millions digit of 257788984?
2
What is the hundred millions digit of 118820908?
1
What is the millions digit of 6329363270?
9
What is the units digit of 248722963?
3
What is the tens digit of 1583904235?
3
What is the thousands digit of 69186454?
6
What is the hundreds digit of 52438292?
2
What is the thousands digit of 5535851712?
1
What is the millions digit of 165921379?
5
What is the hundred thousands digit of 563978682?
9
What is the hundreds digit of 195185238?
2
What is the hundred millions digit of 296592794?
2
What is the ten thousands digit of 950319779?
1
What is the hundreds digit of 418285093?
0
What is the units digit of 5492690489?
9
What is the hundred millions digit of 128559347?
1
What is the tens digit of 2141542?
4
What is the millions digit of 1359114155?
9
What is the ten thousands digit of 85877753?
7
What is the tens digit of 1814365484?
8
What is the tens digit of 717320821?
2
What is the units digit of 217081075?
5
What is the thousands digit of 983092507?
2
What is the hundred thousands digit of 203422206?
4
What is the units digit of 213468260?
0
What is the thousands digit of 742874210?
4
What is the hundred millions digit of 2115590504?
1
What is the tens digit of 34413936?
3
What is the hundreds digit of 156591474?
4
What is the ten thousands digit of 18090773?
9
What is the billions digit of 1120467533?
1
What is the hundred thousands digit of 25640793?
6
What is the hundreds digit of 50473546?
5
What is the hundred thousands digit of 23017702?
0
What is the ten millions